alse
Suppose z + 32 - 4 = 0. Let t = z - -25. Is 2/t*-4683*(-1)/(-2) prime?
False
Let t = 764 + -759. Suppose -3*u = -t*z - 36106, 4*z - 8835 = -2*u + 15243. Is u a prime number?
True
Let z = 2873 - 2556. Suppose 970 = -6*c + c. Let t = c + z. Is t prime?
False
Let h(r) = r. Let z be h(5). Suppose 4*b + 85 = z*c - b, -c + 25 = -3*b. Let k(u) = u**2 - 4*u + 17. Is k(c) a composite number?
True
Let g = -556 - 963. Let y = g - -2900. Is y prime?
True
Suppose 0 = q - 5*i - 214166, 0 = 131*q - 127*q + 3*i - 856595. Is q a composite number?
True
Suppose 3*q = -2*o - q + 14, 2*o + q - 26 = 0. Is (-35589)/o*(-21 + 16) composite?
False
Let n(q) = 38*q**2 - 42*q + 33. Let w be n(23). Suppose 4*i - 26 = -18, b - w = -3*i. Is b a composite number?
False
Let w = -18 + 21. Is (-5669)/(-2 - (w + -1) - -3) composite?
False
Let i = -2127 + 4024. Suppose 2*o + 3*h - 37316 = -i, -5*o + 88580 = h. Is o prime?
False
Let b(o) = -674*o + 555. Is b(-11) prime?
False
Let u(b) = 6047*b - 4671. Is u(24) a composite number?
True
Let u(j) = 77149*j - 10828. Is u(21) a composite number?
False
Suppose 18*n = -3*d + 13*n + 116947, n = 5*d - 194949. Is d a prime number?
False
Suppose 3*h = 4*z - 8661, 2260 = -2*z + 4*h + 6598. Suppose z + 3170 = r. Is r prime?
True
Suppose -26*v + 5346 = -20*v. Let b(o) = o**2 + o + 5. Let k be b(0). Is (-4 - v/k)*-5 a prime number?
True
Let o(f) = -55572*f - 14. Let q be o(-12). Let h be (-1)/(-5) - q/(-125). Suppose 5*l - h = -0*l. Is l prime?
False
Suppose -8*f + 6 = -5*f. Suppose f*c = -81 + 1067. Let w = c - -244. Is w a composite number?
True
Is (-20 + 554469 + 45)*(-1 - 3/(-2)) a prime number?
True
Suppose 91*w - 3*w - 46536248 = 0. Is w a prime number?
True
Let z be (-20)/8*((-27)/(-15) + -3). Suppose z*l = -2*r - 41, -2*r + 46 + 3 = -3*l. Is 3 + 319/3 + 5/l prime?
True
Let y(d) = -400 + 11*d**3 - 2*d**2 + 403 + 0*d - 3*d**3 - 8*d. Is y(4) a composite number?
True
Let k = 29178 + 17. Is k a composite number?
True
Suppose 2*b - 6 - 10 = 0. Suppose -b*c + 393 = -295. Let j = 3 + c. Is j a prime number?
True
Let o(u) = 248*u**2 + 164*u + 639. Is o(-53) prime?
False
Let i(a) = 22*a**2 - 15*a + 7. Let t(u) = -47*u - 33. Let n be t(-15). Let c be n/108 - 4/18. Is i(c) prime?
True
Suppose 4*y = -4*a + 24540, -4*a - 5*y + 23136 = -1399. Suppose -5*l - a = -3*l. Let z = 4613 + l. Is z a prime number?
True
Let l(z) = -3*z**2 + 10*z + 3761. Is l(0) composite?
False
Suppose 340850 + 134313 = -13*x. Let q = -13870 - x. Is q a composite number?
True
Let w be 14/10 + 8/(-20). Let b be w + 8*-1*1/(-2). Suppose -65 - 1790 = -b*i. Is i prime?
False
Suppose -3*l - 91 = -10*l. Let z be (-2)/l + 16/104. Suppose -4*k + c + 1181 = z, 0*c = 2*k - 2*c - 592. Is k composite?
True
Let y(a) = -23*a**3 + 13*a**2 + 27*a - 7. Let t = 60 - 66. Is y(t) prime?
False
Suppose 0 = 97*j - 687030 - 85693 - 929336. Is j a composite number?
True
Suppose 4*x = -2*u + 934810, 285*u = 290*u + 2*x - 2337073. Is u composite?
False
Let a(o) = 53305*o + 8. Let z be a(2). Suppose z = 21*l - 9071. Is l composite?
True
Suppose 0 = -5*o + 4*j - 5156, -7*o + 3*o = -3*j + 4124. Let d = 2994 + o. Is d a composite number?
True
Let n(y) = -4104*y**2 - 6*y + 7. Let w be n(3). Is ((-2)/5)/(w/4105 + 9) prime?
True
Let d(l) = -45*l + 17*l - 44 + 101 + 12*l**2 + 76 + 10. Is d(6) a prime number?
False
Suppose 5*u + c = 628317, 4*c - 502660 = -108*u + 104*u. Is u a composite number?
True
Let l(d) = 12*d**3 + 8*d**2 + 2*d - 17. Let a be l(8). Let t = -749 + a. Is t a prime number?
False
Suppose 8*r + r - 558 = 0. Suppose 0 = -t - 2*i - r, t + 243 = -3*t - 3*i. Let m = 319 + t. Is m prime?
False
Suppose 3*k - 120579 = -4*d, 13*k - 12*k = 4*d + 40177. Is k prime?
True
Let j(f) = 7672*f**2 - 40*f - 85. Is j(8) prime?
False
Let o(a) = 19*a**2 - 5*a + 17. Let t = 56 + -51. Is o(t) a composite number?
False
Let i(u) = -31*u + 72*u + 631 - 37*u - u**2. Is i(0) prime?
True
Suppose 0 = 2*i - 2*g + 2756, i + 0*i + 1381 = 2*g. Let j = -624 - i. Is j prime?
True
Suppose 4*c = j - 17, 3*j - 3*c - 12 = 12. Suppose -k = -j*k + 632. Suppose -v = -b + 54, 0*b - 4*v - k = -3*b. Is b composite?
True
Let b = 535 - 533. Suppose -o = 3*y - 22891, -y = 3*o - b*o - 7629. Is y a composite number?
True
Suppose -243*h + 647255 = -238*h + 6*i, h - 3*i - 129430 = 0. Is h prime?
False
Suppose -15*a + 11552 = 17*a. Suppose -3*k - i = -5, 7 = 3*k + 2*i + 3. Suppose 0*d - 4*q = k*d - 194, a = 4*d - q. Is d a prime number?
False
Let v be (-1)/((-2)/1) + (-22)/(-4). Suppose v*n = 2*l + 5*n - 867, -429 = -l + 5*n. Suppose -f = 3*m - l, f - 337 - 125 = 4*m. Is f a composite number?
True
Suppose 10*g - 5*g - 17021 = -l, -2*g = -4. Is l prime?
True
Let q(y) = y**3 - 27*y**2 - 27*y - 24. Let c be q(28). Suppose 4*j - 6*j - x = -3945, 4*j - c*x - 7896 = 0. Is j composite?
False
Let m = 785 + -453. Let t = 666 - m. Suppose -3*q - 4090 = -5*j, j + q = 484 + t. Is j a composite number?
True
Let c be ((-10)/(-30))/(65/33 + -2). Let f(m) = 11*m**2 + 8*m + 48. Is f(c) composite?
False
Let x = 42 + -37. Suppose 0 = x*d + 693 + 37. Let g = 1617 + d. Is g composite?
False
Let x = 10 - -236. Is (1074651/x)/(1 + 1/(-2)) prime?
True
Suppose -2*t + 5*t = 5*o - 31525, 2*o - 5*t = 12629. Let y = 12543 - o. Is y a composite number?
True
Suppose 93*x = 219*x - 114031386. Is x a prime number?
True
Suppose -26*j = -30*j + 132. Suppose -5*p - 5 = -2*z, 0 = -5*z - 2*p - 6 + j. Suppose -4*w - 4*b + 1312 = 0, -900 = -2*w + z*b - 223. Is w a composite number?
False
Let i(f) = -24*f**2 - 2*f - 19. Let s(k) = 26*k**2 + k + 20. Let u be 6 + 2*(-12)/8 - 7. Let n(l) = u*s(l) - 5*i(l). Is n(-2) prime?
True
Let b(j) = 5135*j**2 + j + 1. Suppose -2*v = -10, 0 = -3*d - d + 5*v - 29. Let y be b(d). Suppose 0 = -5*o + 10*o - y. Is o a composite number?
True
Suppose 2*g = 4*q - 96990, -24*g + 24249 = q - 25*g. Is (-78)/663 + q/34 a prime number?
False
Let x = -604 - -178. Let o = 791 + x. Is o a prime number?
False
Suppose t - 12 = -5*k, 18 = 5*k + 3*t + t. Let v(a) = 1. Let f(g) = 114*g + 16. Let y(i) = k*f(i) - 18*v(i). Is y(6) prime?
False
Let m(u) = u**2 - u - 2. Let d be m(2). Suppose 0 = 1754*q - 1756*q + 802. Let x = d + q. Is x prime?
True
Let r(g) be the second derivative of -25*g**3/2 + 3*g**2/2 - 33*g. Let t be r(-1). Let v = 727 - t. Is v composite?
True
Let r(v) = 452*v + 1. Let d(t) = 1 + 3 - 2 + 453*t. Let x(n) = -2*d(n) + 3*r(n). Is x(1) composite?
False
Let s be (-487078)/(-16) - (-186)/(-496). Suppose -3*h - 2*g = h - s, -3*h = -3*g - 22818. Is h a composite number?
True
Let h(r) = r**3 + 6*r**2 - r. Let n be h(-6). Let l(w) = -w**2 + 8*w - 4. Let z be l(n). Is (-4)/(z/6)*1 - -294 a prime number?
False
Let s = -166180 - -111742. Is 2/(-16) + s/(-48) + 7 prime?
False
Let n(d) = -5447*d**3 - 8*d**2 - 15*d - 2. Let h be n(-2). Suppose -4*j + l + h = -15485, -3*j + 44280 = -5*l. Is j a prime number?
False
Let a(d) = -d**2 + 23*d - 43. Let g be a(21). Let v = 1 + g. Suppose z - 3*u - 970 = 0, 4*z + v*z - 4*u - 3872 = 0. Is z composite?
False
Let l(n) = -3*n + 59. Let p be l(19). Is 40406/18 - p/(-9) a prime number?
False
Let r(o) be the third derivative of o**6/40 + o**5/60 - o**4/12 + o**3/2 + 2*o**2. Suppose 24*t = 3*t + 84. Is r(t) a prime number?
False
Suppose -6*o + 4 = -4*o. Suppose -28 = 5*t + o*t. Is (47/(-3))/(22/6 + t) prime?
True
Is (-10)/(-8) + 11026047/68 a prime number?
False
Let l(k) = 28*k**2 + 16*k - 359. Is l(42) a composite number?
True
Suppose -53*m = -75*m - 2825790. Is (-1 - 14)*4*m/300 composite?
True
Let n = -12553 + 29564. Is n prime?
True
Let q(x) = 21*x**2 - 18*x + 5. Let a(d) = -105*d**2 + 90*d - 26. Let i(s) = 2*a(s) + 11*q(s). Let w = 1070 - 1074. Is i(w) a prime number?
False
Let f(o) = 89*o**2 + 32*o - 248. Is f(-33) a composite number?
False
Let a(t) = 2*t**2 + 5*t + 6. Let i be a(-3). Let q(o) = 5*o + 6 + o**3 + 9 + 0*o. Is q(i) prime?
False
Suppose 2*n - 2*m - 998 = 0, 3520 = 5*n - m + 1013. Let g = n + -83. Is g a composite number?
False
Is 1701402/138 + (-2)/(-2) + -7 composite?
False
Let o(t) = -5339*t + 5688. Is o(-61) a prime number?
True
Let k(o) = 12*o**3 - o**2 - 2*o + 2. Let d be k(1). Suppose 0 = -d*q + 3310 + 7569. Is q a prime number?
False
Let l = -597344 - -1082707. Is l a prime number?
True
Suppose -2625 - 